= -3*c. Suppose -5*y = 0, c*y - 162 = 3*i + 4*y. Let j = 86 + i. What is the units digit of j?
2
Let w = 1503 + -1042. What is the tens digit of w?
6
Let l(w) = 46*w**2 - 3*w + 3. Let g(i) be the first derivative of 46*i**3 - 4*i**2 + 8*i + 9. Let n(v) = 4*g(v) - 11*l(v). What is the tens digit of n(1)?
4
Let j(u) = u**3 + 17*u**2 - 7*u + 19. Let w be j(-16). Suppose 0 = -5*g + w + 513. What is the tens digit of g?
8
Suppose -9*l = -7327 - 1034. What is the hundreds digit of l?
9
Let u be ((-2)/3)/1*(1 - -8). What is the hundreds digit of (0 + -30)*u/8*6?
1
Let l be (-1406)/(-6) + (-7)/21. Suppose -90 = 6*w - l. What is the tens digit of w?
2
Let c(n) = -n**3 + 41*n**2 + 38*n + 137. What is the tens digit of c(40)?
5
Let k(i) = i**3 - 14*i**2 + 56*i - 13. What is the tens digit of k(13)?
4
Let q be (-4)/6*(5 + 4). Let n be q/10*(-4 - 1). Let x(w) = w**3 - 3*w**2 + 1. What is the units digit of x(n)?
1
Suppose 0*v = -2*v + 334. Suppose 0 = -3*o + u - 2 + 6, -4*u + 26 = 2*o. Suppose -4*j + f - 4*f + 139 = 0, 0 = 5*j - o*f - v. What is the tens digit of j?
3
What is the tens digit of ((-13611)/(-65))/(2/10)?
4
Let s = -586 - -1043. What is the tens digit of s?
5
Let b = 507 + -337. Suppose n - 168 = -l, -n + b = 2*l - 3*l. What is the tens digit of n?
6
Let i(f) = f**3 + 3*f**2 - 6*f - 7. Let a be i(5). Let r = -94 + a. What is the units digit of r?
9
Let u(j) = j**2 - 18*j + 27. What is the tens digit of u(34)?
7
What is the units digit of -10 - (-9 - (-78)/(-2))?
8
Let i(n) = n**3 - 5*n**2 + 2*n + 8. Let x be i(4). Suppose 2*w = 8 - x. What is the units digit of 21*(-5)/((-15)/w)?
8
Let n = 21 + -43. Let o be 48/168 - 752/(-14). Let x = o + n. What is the units digit of x?
2
Suppose -3*r = 2*d - 3407 - 1461, 0 = -2*d - 10. What is the units digit of r?
6
Let k(s) = s**3 - 3*s**2 + 8*s - 4. Suppose 2*m + 3*q - 11 = -0*q, 2*q - 10 = -2*m. What is the units digit of k(m)?
4
Let c(m) = -m + 5. Let h be 0/((0 - -4) + -3). Suppose 4*a = 3*y + 26, 0 = -h*y - y + 4*a - 14. What is the tens digit of c(y)?
1
What is the tens digit of 1085793/387 + 4/(-6)?
0
Suppose b + 7 = 2*l - 1, 3*l - 34 = -4*b. Suppose 0*t + 2*t = -3*k + 16, -k - t = -l. Suppose 137 = 3*w + v, -k*w + 25 = 2*v - 159. What is the tens digit of w?
4
Suppose 300 = -6*q + 4524. What is the tens digit of q?
0
Suppose 476 = -3*l - 5*o + 3443, 0 = 4*o. What is the tens digit of l?
8
Suppose 4*x + 4 = -2*c, 2*x - 4 = -0*x + 2*c. Suppose x = -8*b - 305 + 825. What is the units digit of b?
5
Suppose 1 = 4*h - 3*h. What is the tens digit of h - -3 - (1 + -61)?
6
Suppose -5*q + 3*u = -u - 1632, -3*q - 5*u + 957 = 0. What is the units digit of q?
4
Suppose 5*a + 13 = -y, 5*a - 2*y = -6*y - 22. What is the units digit of (-6 - a)*(2 - 2*5)?
2
Let h = -664 - -955. What is the units digit of h?
1
Let z be ((-34)/4)/((-3)/6). Let x = z - 14. Suppose -a + 3*m + 19 = -x, -m - 143 = -4*a. What is the units digit of a?
7
Suppose 2*a + 21 = -19. Let i = -18 - a. Suppose i*j - 30 = 14. What is the tens digit of j?
2
Let j be (1 + 0)*(-7 + 0). Let r = 215 - 175. Let k = r - j. What is the tens digit of k?
4
Let q(l) = 15*l - 61. Suppose -v + 11 = n, -22 = -2*n + 4*v + 6. What is the hundreds digit of q(n)?
1
Suppose -240 = 10*m - 2190. What is the units digit of m?
5
Let g(n) = 17*n**2 - 28*n - 253. What is the tens digit of g(-7)?
7
Let l be 1*((-25)/(-5) - 0). Suppose -l*g = -q + 68, g - 3*g - 225 = -5*q. What is the tens digit of q?
4
Let y be 67/6 - (-2)/(-12). Suppose y*j = 7*j + 152. Suppose -31 = -2*n + l + 27, -n - 4*l = -j. What is the tens digit of n?
3
Let a = 1693 + -1015. What is the hundreds digit of a?
6
Let r(o) be the first derivative of o**4/4 + 5*o**2/2 + 4*o - 2. Let c be r(-3). Let g = -10 - c. What is the units digit of g?
8
Suppose -3*b + t + 3*t + 21 = 0, -7 = -b + t. What is the tens digit of (-10*(-4 - b))/2?
5
Let n(c) = 4*c**2 - 11*c + 5. Let a(h) = -h**2. Let w(f) = 5*a(f) + n(f). Let y(j) = j**3 + 2*j**2 - 2*j - 4. Let q be y(-3). What is the tens digit of w(q)?
3
Suppose 12*v = 7*v + 135. Suppose -4*b = -57 - v. What is the tens digit of b?
2
Suppose -10*h = -12*h + 24. What is the hundreds digit of (-8)/(-10)*325/10*h?
3
Let z(m) = 2*m + 20. Suppose v - 20 = 3*o - 4, 2*v - 29 = 5*o. What is the units digit of z(v)?
4
Suppose 5*l - 2*j + 5 = 29, -27 = -2*l - 5*j. Suppose -500 = -l*y + 586. What is the hundreds digit of y?
1
Let k(x) be the first derivative of -2*x + 1/3*x**3 - 6 + 2*x**2. What is the units digit of k(3)?
9
Let u be (2 - 0)/(-2)*-3. Let i(g) = -2*g + 25. Let h be i(10). Suppose -u*c - 46 = -h*c. What is the units digit of c?
3
Suppose -2*p - 3*f - 82 = -227, 0 = -p + f + 65. Let l = 136 - p. What is the units digit of l?
8
Let c(a) = -a**2 - 3*a - 2. Let o = -11 + 9. Let p be c(o). Suppose 3*y = 3*i + 63, 0 = -p*y - 2*y - i + 45. What is the units digit of y?
2
Let j(t) = 4615*t**2 + 32*t + 30. What is the hundreds digit of j(-1)?
6
Suppose 3*m + 2*g - 69 = 2*m, 167 = 3*m - 2*g. Suppose 0*h + 2*h - 10 = 0, b + h = m. What is the tens digit of b?
5
Let l(p) = 136 + 7*p + 2*p**2 - 122 + 5*p. What is the tens digit of l(6)?
5
Suppose 5*y = y. Suppose 10 = -5*g, -4*p + 18 = -y*g + g. Let k(i) = 2*i**2 - 5*i - 4. What is the units digit of k(p)?
1
Suppose c + 3*j - 343 = 2*j, -2*c = -4*j - 680. What is the tens digit of c?
4
Suppose 0 = 4*x - w - 12, 0*w + 15 = 5*x - 2*w. Let b be x*-2*4/(-6). Suppose -107 = -3*u - 2*z, -b*u = z + z - 142. What is the tens digit of u?
3
What is the hundreds digit of 46/(((-12)/(-78))/1)?
2
Let f(o) = -4*o**3 + o**2 - 2*o - 3. Suppose 0 = -q + 18 - 2. Let b = -18 + q. What is the units digit of f(b)?
7
Suppose 4*t - 212 = 4*q, 5*t + 4*q - 124 = 3*t. Suppose 0 = -2*b + 7*g - 3*g + t, -5*b - g + 195 = 0. Let d = -15 + b. What is the tens digit of d?
2
Suppose 2*q - 2115 = -5*f, -f - 1250 = -4*f - 5*q. What is the tens digit of f?
2
Let z(m) = 2*m + 15. Let t be z(-7). Let s be 346/4 + t/(-2). Let j = -57 + s. What is the units digit of j?
9
Let j(f) = -f**3 - 9*f**2 + 6*f - 3. Let b be j(-9). Let u = b + 92. What is the tens digit of u?
3
Let d(v) be the second derivative of -10*v**3/3 - 27*v**2 + 10*v. Let i(o) = 7*o + 18. Let k(x) = -6*d(x) - 17*i(x). What is the units digit of k(-6)?
2
Suppose 2*j = -3*x + 5470, 8 = 5*j - 17. What is the hundreds digit of x?
8
Suppose -7*l - 1 = -8*l. Let s be 10 + -8 + l*-2. Suppose 0 = -y + 5*y - h - 174, 4*y + 3*h - 166 = s. What is the units digit of y?
3
What is the hundreds digit of (7508*(-3)/6)/(-8 + 6)?
8
Let x(q) = 2737*q**2 + 17*q - 18. What is the hundreds digit of x(1)?
7
Let f(w) = w**2 + 16*w - 24. Let s be f(-16). Let k = s - -34. What is the units digit of k?
0
Let j = -514 + 1122. What is the units digit of j?
8
Let l(o) = 2*o**2 - 14*o + 25. Let z be l(8). Let d = z - -5. What is the tens digit of d?
4
Suppose 4*d + 3*b = 6607, -6*b - 8260 = -5*d - 10*b. What is the thousands digit of d?
1
Suppose 36*m - 16616 = 1024. What is the hundreds digit of m?
4
Let h(i) = 56*i + 15. What is the tens digit of h(11)?
3
Let f be 20/(-4)*1*-1. Suppose 3*m + 9 = 0, -5*m + f = l - 0*l. What is the units digit of l?
0
Let l = 12 - 3. Let h(f) = -184 + 352 - 3*f - 174 - f**3 + 10*f**2. What is the tens digit of h(l)?
4
Let k = -136 - -138. Suppose 0 = -3*j + 2*j, -4*j = -k*g + 538. What is the tens digit of g?
6
Suppose -2*r = -4*o + 72, 4*r = -3*o - 0 + 32. What is the tens digit of o?
1
Suppose -3*a + 1 = -l - 0*l, 3*a = -l + 11. Suppose -3*u + s + 6 = -11, -10 = -l*u - 2*s. Suppose 23 = u*v - 1. What is the units digit of v?
6
Suppose 3*z - 35 + 11 = 0. Let i(r) = 5*r + 6*r - z*r. What is the units digit of i(5)?
5
What is the tens digit of (40/(-14))/(3 - (-69)/(-21))?
1
Let x(d) be the second derivative of d**5/30 - d**4/8 - d**3/2 + 5*d**2/2 + 3*d. Let o(q) be the first derivative of x(q). What is the units digit of o(-4)?
1
Let t = -1076 + 1788. What is the units digit of t?
2
Let k(r) = 2*r**3 + 3558*r**2 - r - 3573*r**2 + 14 + 5*r. What is the tens digit of k(8)?
1
Let j = 132 - 18. What is the tens digit of j?
1
Let l be (-15 - -1)*18/4. Let b be 12/(-7) + 18/l. What is the units digit of (-5 - b) + 7 - 3?
1
Suppose 0 = -2*d - 0*d - 2*l - 58, -4*d - l - 122 = 0. Let i = d + 138. What